 67
List the prime factors of 24063.
3, 13, 617
List the prime factors of 5987.
5987
List the prime factors of 1174.
2, 587
List the prime factors of 48498.
2, 3, 59, 137
List the prime factors of 24200.
2, 5, 11
What are the prime factors of 65101?
65101
List the prime factors of 50707.
50707
What are the prime factors of 40364?
2, 10091
List the prime factors of 6769.
7, 967
What are the prime factors of 46708?
2, 11677
What are the prime factors of 8270?
2, 5, 827
What are the prime factors of 9692?
2, 2423
List the prime factors of 16138.
2, 8069
What are the prime factors of 1997?
1997
What are the prime factors of 72680?
2, 5, 23, 79
List the prime factors of 33.
3, 11
What are the prime factors of 4855?
5, 971
List the prime factors of 45116.
2, 11279
What are the prime factors of 15672?
2, 3, 653
List the prime factors of 4978.
2, 19, 131
List the prime factors of 93816.
2, 3, 1303
What are the prime factors of 2923?
37, 79
What are the prime factors of 45540?
2, 3, 5, 11, 23
List the prime factors of 45.
3, 5
List the prime factors of 1539.
3, 19
What are the prime factors of 1373?
1373
List the prime factors of 847.
7, 11
List the prime factors of 9190.
2, 5, 919
List the prime factors of 1266.
2, 3, 211
What are the prime factors of 2128?
2, 7, 19
List the prime factors of 294.
2, 3, 7
What are the prime factors of 5288?
2, 661
List the prime factors of 54672.
2, 3, 17, 67
What are the prime factors of 437?
19, 23
What are the prime factors of 8925?
3, 5, 7, 17
What are the prime factors of 1209?
3, 13, 31
What are the prime factors of 766?
2, 383
List the prime factors of 2756.
2, 13, 53
What are the prime factors of 659?
659
List the prime factors of 4205.
5, 29
What are the prime factors of 141495?
3, 5, 9433
List the prime factors of 4045.
5, 809
List the prime factors of 740.
2, 5, 37
What are the prime factors of 26127?
3, 2903
What are the prime factors of 2073?
3, 691
What are the prime factors of 2309?
2309
What are the prime factors of 154?
2, 7, 11
List the prime factors of 180383.
7, 73, 353
List the prime factors of 31985.
5, 6397
What are the prime factors of 325?
5, 13
List the prime factors of 16776.
2, 3, 233
What are the prime factors of 15?
3, 5
List the prime factors of 3515.
5, 19, 37
List the prime factors of 18156.
2, 3, 17, 89
What are the prime factors of 11152?
2, 17, 41
What are the prime factors of 3936?
2, 3, 41
What are the prime factors of 645?
3, 5, 43
List the prime factors of 777.
3, 7, 37
What are the prime factors of 194?
2, 97
List the prime factors of 2921.
23, 127
List the prime factors of 139.
139
What are the prime factors of 32012?
2, 53, 151
List the prime factors of 53543.
7, 7649
List the prime factors of 21550.
2, 5, 431
List the prime factors of 11486.
2, 5743
List the prime factors of 969.
3, 17, 19
List the prime factors of 2442.
2, 3, 11, 37
List the prime factors of 1442.
2, 7, 103
List the prime factors of 6293.
7, 29, 31
What are the prime factors of 13698?
2, 3, 761
List the prime factors of 15467.
15467
What are the prime factors of 131688?
2, 3, 31, 59
List the prime factors of 1325.
5, 53
What are the prime factors of 2003?
2003
What are the prime factors of 9564?
2, 3, 797
List the prime factors of 15413.
15413
List the prime factors of 1466.
2, 733
List the prime factors of 972.
2, 3
What are the prime factors of 1594?
2, 797
List the prime factors of 3849.
3, 1283
List the prime factors of 13413.
3, 17, 263
What are the prime factors of 20599?
20599
List the prime factors of 83.
83
List the prime factors of 7062.
2, 3, 11, 107
What are the prime factors of 5320?
2, 5, 7, 19
List the prime factors of 1694.
2, 7, 11
What are the prime factors of 906?
2, 3, 151
List the prime factors of 8152.
2, 1019
What are the prime factors of 690?
2, 3, 5, 23
What are the prime factors of 349?
349
List the prime factors of 3896.
2, 487
What are the prime factors of 32504?
2, 17, 239
What are the prime factors of 3972?
2, 3, 331
What are the prime factors of 2444?
2, 13, 47
What are the prime factors of 50929?
50929
List the prime factors of 9485.
5, 7, 271
List the prime factors of 11279.
11279
What are the prime factors of 3076?
2, 769
What are the prime factors of 11184?
2, 3, 233
What are the prime factors of 12339?
3, 457
What are the prime factors of 58393?
58393
What are the prime factors of 10062?
2, 3, 13, 43
What are the prime factors of 177460?
2, 5, 19, 467
List the prime factors of 41171.
13, 3167
List the prime factors of 6128.
2, 383
What are the prime factors of 4926?
2, 3, 821
What are the prime factors of 1894?
2, 947
List the prime factors of 1491.
3, 7, 71
List the prime factors of 4534.
2, 2267
List the prime factors of 2273.
2273
List the prime factors of 936.
2, 3, 13
What are the prime factors of 2953?
2953
What are the prime factors of 18295?
5, 3659
List the prime factors of 1202.
2, 601
List the prime factors of 2659.
2659
List the prime factors of 5255.
5, 1051
What are the prime factors of 8084?
2, 43, 47
What are the prime factors of 117153?
3, 4339
What are the prime factors of 44169?
3, 14723
What are the prime factors of 3117?
3, 1039
List the prime factors of 30465.
3, 5, 677
What are the prime factors of 17256?
2, 3, 719
What are the prime factors of 31190?
2, 5, 3119
List the prime factors of 90909.
3, 7, 13, 37
What are the prime factors of 1058?
2, 23
What are the prime factors of 790?
2, 5, 79
What are the prime factors of 1765?
5, 353
List the prime factors of 1958.
2, 11, 89
What are the prime factors of 103402?
2, 13, 41, 97
What are the prime factors of 1834?
2, 7, 131
List the prime factors of 3497.
13, 269
List the prime factors of 3379.
31, 109
What are the prime factors of 2674?
2, 7, 191
What are the prime factors of 794?
2, 397
List the prime factors of 4695.
3, 5, 313
List the prime factors of 3013.
23, 131
What are the prime factors of 1802?
2, 17, 53
What are the prime factors of 5071?
11, 461
What are the prime factors of 1093?
1093
What are the prime factors of 15250?
2, 5, 61
List the prime factors of 6336.
2, 3, 11
What are the prime factors of 28769?
13, 2213
List the prime factors of 925.
5, 37
List the prime factors of 25715.
5, 37, 139
List the prime factors of 8003.
53, 151
What are the prime factors of 56192?
2, 439
List the prime factors of 12552.
2, 3, 523
What are the prime factors of 7277?
19, 383
List the prime factors of 2988.
2, 3, 83
List the prime factors of 10192.
2, 7, 13
What are the prime factors of 5800?
2, 5, 29
List the prime factors of 10629.
3, 1181
List the prime factors of 101722.
2, 181, 281
List the prime factors of 6795.
3, 5, 151
List the prime factors of 356.
2, 89
What are the prime factors of 16116?
2, 3, 17, 79
What are the prime factors of 6206?
2, 29, 107
What are the prime factors of 3520?
2, 5, 11
What are the prime factors of 40242?
2, 3, 19, 353
What are the prime factors of 3617?
3617
What are the prime factors of 7?
7
What are the prime factors of 30425?
5, 1217
What are the prime factors of 33734?
2, 101, 167
What are the prime factors of 1809?
3, 67
List the prime factors of 104554.
2, 61, 857
List the prime factors of 37028.
2, 9257
List the prime factors of 75222.
2, 3, 7, 199
What are the prime factors of 11604?
2, 3, 967
List the prime factors of 31454.
2, 15727
List the prime factors of 5146.
2, 31, 83
What are the prime factors of 821?
821
What are the prime factors of 2557?
2557
List the prime factors of 7941.
3, 2647
List the prime factors of 213.
3, 71
List the prime factors of 1637.
1637
What are the prime factors of 276?
2, 3, 23
What are the prime factors of 165130?
2, 5, 7, 337
What are the prime factors of 643?
643
What are the prime factors of 153778?
2, 23, 3343
What are the prime factors of 24644?
2, 61, 101
What are the prime factors of 554?
2, 277
List the prime factors of 7426.
2, 47, 79
What are the prime factors of 1598?
2, 17, 47
What are the prime factors of 23292?
2, 3, 647
What are the prime factors of 142929?
3, 15881
What are the prime factors of 49086?
2, 3, 101
What are the prime factors of 464?
2, 29
What are the prime factors of 1890?
2, 3, 5, 7
What are the prime factors of 13927?
19, 733
List the prime factors of 3562.
2, 13, 137
List the prime factors o